, 8753
List the prime factors of 14793.
3, 4931
What are the prime factors of 29515?
5, 5903
List the prime factors of 2092.
2, 523
List the prime factors of 9203.
9203
What are the prime factors of 4457?
4457
List the prime factors of 72542.
2, 19, 23, 83
What are the prime factors of 37514?
2, 18757
What are the prime factors of 5436?
2, 3, 151
What are the prime factors of 9182?
2, 4591
What are the prime factors of 3338?
2, 1669
What are the prime factors of 3861?
3, 11, 13
List the prime factors of 10919.
61, 179
What are the prime factors of 117196?
2, 83, 353
What are the prime factors of 29099?
7, 4157
What are the prime factors of 16877?
7, 2411
What are the prime factors of 21174?
2, 3, 3529
List the prime factors of 20708.
2, 31, 167
List the prime factors of 21312.
2, 3, 37
What are the prime factors of 624?
2, 3, 13
List the prime factors of 1884.
2, 3, 157
List the prime factors of 1058.
2, 23
List the prime factors of 831.
3, 277
List the prime factors of 15868.
2, 3967
List the prime factors of 688.
2, 43
List the prime factors of 1464.
2, 3, 61
What are the prime factors of 23315?
5, 4663
List the prime factors of 998.
2, 499
What are the prime factors of 382?
2, 191
List the prime factors of 984.
2, 3, 41
List the prime factors of 38549.
7, 5507
What are the prime factors of 26597?
26597
List the prime factors of 2436.
2, 3, 7, 29
What are the prime factors of 82651?
82651
List the prime factors of 1582.
2, 7, 113
List the prime factors of 108893.
108893
What are the prime factors of 14954?
2, 7477
What are the prime factors of 29996?
2, 7499
List the prime factors of 26081.
11, 2371
What are the prime factors of 1343?
17, 79
What are the prime factors of 4881?
3, 1627
List the prime factors of 11624.
2, 1453
List the prime factors of 45286.
2, 22643
What are the prime factors of 25802?
2, 7, 19, 97
What are the prime factors of 1952?
2, 61
List the prime factors of 47110.
2, 5, 7, 673
List the prime factors of 612.
2, 3, 17
What are the prime factors of 50449?
7, 7207
What are the prime factors of 2836?
2, 709
List the prime factors of 15227.
15227
What are the prime factors of 101?
101
What are the prime factors of 169?
13
List the prime factors of 941.
941
What are the prime factors of 47472?
2, 3, 23, 43
What are the prime factors of 615?
3, 5, 41
List the prime factors of 2084.
2, 521
What are the prime factors of 104250?
2, 3, 5, 139
What are the prime factors of 61355?
5, 7, 1753
List the prime factors of 2803.
2803
List the prime factors of 1113.
3, 7, 53
List the prime factors of 3777.
3, 1259
What are the prime factors of 55?
5, 11
What are the prime factors of 6689?
6689
What are the prime factors of 22117?
17, 1301
List the prime factors of 7183.
11, 653
What are the prime factors of 15728?
2, 983
List the prime factors of 360.
2, 3, 5
List the prime factors of 19829.
79, 251
List the prime factors of 3320.
2, 5, 83
List the prime factors of 34275.
3, 5, 457
What are the prime factors of 21879?
3, 11, 13, 17
What are the prime factors of 2313?
3, 257
List the prime factors of 1090.
2, 5, 109
What are the prime factors of 487?
487
List the prime factors of 94537.
17, 67, 83
List the prime factors of 38982.
2, 3, 73, 89
List the prime factors of 2969.
2969
What are the prime factors of 31651?
31, 1021
What are the prime factors of 2624?
2, 41
List the prime factors of 40170.
2, 3, 5, 13, 103
List the prime factors of 2661.
3, 887
List the prime factors of 33272.
2, 4159
List the prime factors of 109700.
2, 5, 1097
List the prime factors of 472.
2, 59
What are the prime factors of 5439?
3, 7, 37
List the prime factors of 105377.
167, 631
List the prime factors of 309.
3, 103
List the prime factors of 48271.
48271
What are the prime factors of 9266?
2, 41, 113
What are the prime factors of 10709?
10709
List the prime factors of 25.
5
List the prime factors of 71241.
3, 23747
List the prime factors of 9440.
2, 5, 59
List the prime factors of 4802.
2, 7
What are the prime factors of 13994?
2, 6997
List the prime factors of 165861.
3, 6143
What are the prime factors of 216?
2, 3
What are the prime factors of 713?
23, 31
List the prime factors of 433.
433
List the prime factors of 2329.
17, 137
List the prime factors of 15158.
2, 11, 13, 53
List the prime factors of 9487.
53, 179
What are the prime factors of 742?
2, 7, 53
What are the prime factors of 5230?
2, 5, 523
List the prime factors of 9634.
2, 4817
List the prime factors of 72366.
2, 3, 7, 1723
List the prime factors of 5626.
2, 29, 97
List the prime factors of 12972.
2, 3, 23, 47
What are the prime factors of 29802?
2, 3, 4967
List the prime factors of 3798.
2, 3, 211
What are the prime factors of 21966?
2, 3, 7, 523
What are the prime factors of 833?
7, 17
List the prime factors of 52653.
3, 17551
List the prime factors of 1030.
2, 5, 103
What are the prime factors of 1544?
2, 193
What are the prime factors of 73059?
3, 7, 71
List the prime factors of 521.
521
What are the prime factors of 12867?
3, 4289
What are the prime factors of 4359?
3, 1453
What are the prime factors of 11238?
2, 3, 1873
What are the prime factors of 1161?
3, 43
What are the prime factors of 3941?
7, 563
What are the prime factors of 495?
3, 5, 11
List the prime factors of 100707.
3, 33569
What are the prime factors of 2989?
7, 61
List the prime factors of 141158.
2, 163, 433
List the prime factors of 20387.
19, 29, 37
List the prime factors of 174.
2, 3, 29
What are the prime factors of 3937?
31, 127
List the prime factors of 11152.
2, 17, 41
What are the prime factors of 3079?
3079
What are the prime factors of 3134?
2, 1567
What are the prime factors of 11252?
2, 29, 97
What are the prime factors of 8849?
8849
What are the prime factors of 2527?
7, 19
List the prime factors of 89.
89
List the prime factors of 100.
2, 5
List the prime factors of 1832.
2, 229
What are the prime factors of 542?
2, 271
What are the prime factors of 52343?
17, 3079
What are the prime factors of 315?
3, 5, 7
What are the prime factors of 2399?
2399
List the prime factors of 15949.
41, 389
List the prime factors of 1020.
2, 3, 5, 17
What are the prime factors of 762?
2, 3, 127
List the prime factors of 5833.
19, 307
List the prime factors of 13677.
3, 47, 97
What are the prime factors of 143891?
11, 103, 127
What are the prime factors of 178?
2, 89
What are the prime factors of 15455?
5, 11, 281
List the prime factors of 3461.
3461
What are the prime factors of 5383?
7, 769
What are the prime factors of 251?
251
List the prime factors of 20860.
2, 5, 7, 149
What are the prime factors of 4768?
2, 149
What are the prime factors of 25113?
3, 11, 761
List the prime factors of 4703.
4703
What are the prime factors of 1094?
2, 547
What are the prime factors of 1214?
2, 607
What are the prime factors of 25561?
25561
What are the prime factors of 2750?
2, 5, 11
List the prime factors of 10805.
5, 2161
What are the prime factors of 270?
2, 3, 5
List the prime factors of 2310.
2, 3, 5, 7, 11
What are the prime factors of 68955?
3, 5, 4597
What are the prime factors of 67780?
2, 5, 3389
What are the prime factors of 2412?
2, 3, 67
List the prime factors of 3204.
2, 3, 89
What are the prime factors of 20255?
5, 4051
What are the prime factors of 17473?
101, 173
List the prime factors of 11845.
5, 23, 103
List the prime factors of 48225.
3, 5, 643
List the prime factors of 941.
941
List the prime factors of 2816.
2, 11
List the prime factors of 38625.
3, 5, 103
List the prime factors of 2412.
2, 3, 67
What are the prime factors of 856?
2, 107
What are the prime factors of 1621?
1621
List the prime factors of 3492.
2, 3, 97
What are the prime factors of 4082?
2, 13, 157
What are the prime factors of 5204?
2, 1301
List the prime factors of 3987.
3, 443
What are the prime factors of 9364?
2, 2341
List the prime factors of 13003.
13003
What are the prime factors of 59870?
2, 5, 5987
What are the prime factors of 108543?
3, 97, 373
What are the prime factors of 69529?
23, 3023
List the prime factors of 1144.
2, 11, 13
What are the prime factors of 455?
5, 7, 13
List the prime factors of 7.
7
List the prime factors of 58099.
58099
What are the prime factors of 1087?
1087
What are the prime factors of 51178?
2, 25589
List 